10*p - 8. Let g be k(9). Suppose -3*f = 4*c - g, 5*c + 5*f - 3*f = 106. What is the remainder when c is divided by 8?
6
Let o = 64 + -19. Let l(x) = -2*x**2 - 25*x + 37. Calculate the remainder when o is divided by l(-13).
21
Let l(h) = h**2 - 5*h + 2. Let a be l(3). Let b = 16 - 6. Let w = b + a. What is the remainder when 17 is divided by w?
5
Let q = -33 - -90. Calculate the remainder when q is divided by 15.
12
Let c(a) = -a + 3. Calculate the remainder when 27 is divided by c(-7).
7
Let w be (-2)/(-3)*9*-1. Let i be (-3 - 0)*(-8)/w. Calculate the remainder when 35 is divided by i/(-6)*-1*-18.
11
Let r = 75 - 22. Let t(k) = 4*k + 78. What is the remainder when r is divided by t(-15)?
17
Suppose 0 = 2*m + 2*u + 130, 3*m - u = -3*u - 198. Let a = 118 + m. Calculate the remainder when a is divided by 13.
11
Suppose -z = q, -5*q + 4*z = z - 24. Calculate the remainder when 12 is divided by q.
0
Suppose 4*a + 5*q - q = 12, -6 = -2*a - 3*q. Suppose -5*j + 166 = -0*i + a*i, -3*i + 169 = 2*j. Let d = i + 5. Calculate the remainder when d is divided by 16.
14
Suppose -6*y + 2*y = -240. Let s(c) = -c**3 + 3*c**2 + 6*c - 6. Let k be s(4). Suppose y = -k*o + 4*o. What is the remainder when o is divided by 16?
14
Suppose -5*b - 2*k = -140, -3*b = 2*k - 0*k - 80. Let a be (-2 - -32) + 2 - 0. Suppose -3*y + a = y. Calculate the remainder when b is divided by y.
6
Suppose -3*b - 8 = b. Suppose 0 = 2*r + u - 61, 4*u - 3*u = -r + 33. What is the remainder when r is divided by b/3 + (-94)/(-6)?
13
Let f = 2 - 3. Let p be (-2 - f) + (-30)/(-6). Suppose p*w = 49 + 7. Calculate the remainder when w is divided by 8.
6
Let d = -12 - -72. What is the remainder when d is divided by 16?
12
Let m(s) = -s**3 + 11*s**2 + 5. Suppose -4 = -2*c, -2*c + c + 10 = 4*r. What is the remainder when m(11) is divided by r?
1
Suppose l - 11 = -5*v, 0 = -4*v + 2*l + 9 - 3. What is the remainder when (v/4)/(6/732) is divided by 21?
19
What is the remainder when 39 is divided by 22 + 2 + (-3 - 1)?
19
Let p be ((-6)/8)/((-1)/16). Suppose 2*l + 5*i + 5 = 13, i = -3*l + p. Suppose -2*g - g = -18. What is the remainder when g is divided by l?
2
Suppose 11 = -0*g + g. Let h = -2 - -1. What is the remainder when 32 is divided by h*3*g/(-3)?
10
Let f(o) = -o**2 + o + 8. Suppose 7*v - 2*v = -4*r + 2, 5*r - 2*v - 19 = 0. Calculate the remainder when f(0) is divided by r.
2
Suppose 0 = 4*i - 4*v - 136, -3*i - 2*v + 3*v + 98 = 0. Suppose -2*r - 2*q + 55 = 3*r, 0 = 3*r + q - i. What is the remainder when 17 is divided by r?
8
Suppose 5*h - 122 + 7 = 0. Suppose -7*z = -6*z. Suppose 2*r - 5*a - 29 = -r, z = -5*a - 5. What is the remainder when h is divided by r?
7
Calculate the remainder when (-382)/(-8) - 13/(-52) is divided by 10.
8
Suppose -2*p = 5*l - 390, 3*p + 780 = 7*p - 4*l. Suppose 2*x - p = -3*x. Let z(a) = a**3 + 6*a**2 + 4*a + 5. What is the remainder when x is divided by z(-5)?
9
Let o be 2/4 + (-11)/(-2). Suppose -c + 24 + o = 0. Let j = -21 + c. What is the remainder when 26 is divided by j?
8
Let v(r) = 2*r**3 + 2*r**2 - 3*r + 4. Let c be v(-3). Suppose 0 = 5*q - 303 + 118. What is the remainder when q is divided by c/(-2) - 15/(-10)?
11
Let i(a) = -a**2 - 6*a - 8. Let t be i(-6). What is the remainder when (t/6)/((-4)/102) is divided by (-516)/(-42) + (-4)/14?
10
Suppose -r - 7 = -3*m + r, -5*m - 2*r + 33 = 0. Suppose 4*q + 168 = 4*x, -m*x + 124 = -2*x - 2*q. Calculate the remainder when x is divided by ((-9)/15 + 1)*35.
12
Suppose -7*m + 165 = -2*m. What is the remainder when m is divided by 9?
6
Suppose 0*a + 2*a - 44 = 0. Let f = -13 + a. Calculate the remainder when 24 is divided by f.
6
Suppose 4*o + 1 - 13 = 0. Calculate the remainder when 7 is divided by o.
1
Suppose 7*v + 13 = 8*v. What is the remainder when 37 is divided by v?
11
Let f(b) = b**2 + 19. What is the remainder when f(0) is divided by 5?
4
Suppose 11*y = 7*y + 148. Calculate the remainder when y is divided by 2 + (18 + -2 - -1).
18
Let u(f) = -14*f + 3. Let q be u(-6). Suppose 0 = -5*w + q - 17. Calculate the remainder when w is divided by 8.
6
Let i(a) = -a. Let z be i(7). Let c(l) = l**3 + 6*l**2 - 8*l. What is the remainder when 27 is divided by c(z)?
6
Suppose -5*o - 4*y = -2*o - 144, 0 = -3*o + 4*y + 120. Suppose 4*c - 55 = -4*g + 5*c, 5*c + 50 = 5*g. Calculate the remainder when o is divided by g.
14
Let p(q) = 24*q + 2. Calculate the remainder when p(2) is divided by (-6)/4 - 435/(-30).
11
Suppose 79 = 4*i - 9. What is the remainder when 62 is divided by i?
18
Calculate the remainder when (138/(-115))/(1/(-15)) is divided by 10.
8
Suppose c = -0*u - 3*u + 33, 4*u = 20. Calculate the remainder when 68 - 2*2/(-4) is divided by c.
15
Let o = -2 - -5. Let d = -6 + 0. Let b = 8 + d. Calculate the remainder when o is divided by b.
1
Suppose 4*s = 285 - 69. Calculate the remainder when s is divided by 19.
16
Calculate the remainder when 42 is divided by (-9)/(-1 - -4 - 4).
6
Let k = 11 + 12. What is the remainder when 45 is divided by k?
22
Let f = -7 - -13. Let s = f - -19. Suppose 2*d = -4*g + 44, 3*g - 35 = -0*d - 2*d. Calculate the remainder when s is divided by g.
7
Let w(f) be the first derivative of -17*f**2/2 + 2. Suppose 2 = 2*c + 10. What is the remainder when w(c) is divided by 23?
22
Let l = 2 + -9. Let j(z) = -2*z + 8. Calculate the remainder when j(l) is divided by 12.
10
Suppose -20 = 2*g - 7*g - 5*t, 4*g - 3*t - 9 = 0. Let w(b) = 0 + 7*b + 1 - 2. What is the remainder when 38 is divided by w(g)?
18
Let m = 116 - 89. What is the remainder when m is divided by 14?
13
Suppose 0 = -3*d + 2*d - 2, -2*y + 4*d = -46. Let v(t) = t**3 - 7*t**2 - 7*t + 2. Suppose -a + 10 = 2. What is the remainder when y is divided by v(a)?
9
Suppose 0 = j - 4*j + b + 74, 2*b = -5*j + 138. Suppose -2*s + 36 = s. Calculate the remainder when s is divided by j/4 + (-4)/(-8).
5
Let b(l) = -3*l + 8. Let v(a) = 3*a - 8. Let n(c) = -3*b(c) - 2*v(c). Calculate the remainder when n(6) is divided by (-1)/(-1)*-2*-2.
2
Let b = 26 - 11. Suppose -a = -2*l - 57, a - 38 - 19 = l. Calculate the remainder when a is divided by b.
12
Let y be 1 + (20 - 2 - -2). Let k = y + -9. Suppose p - k = -p. Calculate the remainder when p is divided by 4.
2
Let c(o) = -o**3 + 5*o**2 + 6*o + 4. Let z be c(6). Let i = 10 - z. Let h(d) = -d**3 - 7*d**2 + 10. What is the remainder when h(-7) is divided by i?
4
Let s = 5 - 2. Let i = -6 + s. Let g = 5 + i. Calculate the remainder when g is divided by 2.
0
Let i = 1 - 0. Suppose -i = -2*x + 7. Let s(n) = 3*n - 5. What is the remainder when s(5) is divided by x?
2
Let z(f) be the second derivative of -f**5/20 - f**4/12 - 2*f**3/3 - 3*f**2/2 + f. What is the remainder when z(-4) is divided by 21?
19
Suppose 3*b + 4*k = 35, -b + k = 2*k - 10. Suppose 4*c - 4*i = 36, 3*c - 8*c - b*i + 35 = 0. What is the remainder when 14 is divided by c?
6
What is the remainder when 52*(10/4 + -2) is divided by 16?
10
Let d = 3 - 2. What is the remainder when 2 + 2 + 18/d is divided by 12?
10
Let w(q) = 23*q**2. Suppose 12 = -r + 5*r - 4*n, -3*r - 3*n = -27. Calculate the remainder when w(1) is divided by r.
5
Let o(q) be the first derivative of -q**2 + 2*q - 1. Suppose -9 = -4*v + 7. What is the remainder when o(-4) is divided by v?
2
Let i(g) = -g**2 + 4*g - 3. Let a be i(7). Let s = a - -77. Calculate the remainder when s is divided by 11.
9
Let i(v) = -v**3 - 6*v**2 + v + 8. Let k be i(-6). What is the remainder when k - 0 - (-41 - -2) is divided by 11?
8
What is the remainder when (-3)/(4 - 628/156) is divided by 20?
17
Suppose 0 = d + 2*v - 24, -2*d = -5*d - 3*v + 60. Suppose -4*m = 15 - 203. Calculate the remainder when m is divided by d.
15
Let p(r) = 22*r - 78. What is the remainder when p(4) is divided by 6?
4
Let z = -15 - -9. Calculate the remainder when 110/4 + (-3)/z is divided by 15.
13
Let g(p) = p**2 - 3*p - 11. Calculate the remainder when g(8) is divided by 11.
7
What is the remainder when 130 is divided by 1/3 - (-588)/18?
31
Suppose -7 = -4*y + 3*p, 5*y + 2 = -p - 13. Suppose 2*z = -d + 12, z + 0*d = 2*d + 1. Calculate the remainder when z is divided by ((-1)/(-2))/(y/(-12)).
2
Let z be 70/(2/4*2). Suppose z = x + 4*x. What is the remainder when 27 is divided by x?
13
Suppose -2 = -2*r + 2*j, r - j -